 Let z(m) be the third derivative of 0*m + 0*m**4 - 3*m**2 - 1/6*m**3 + 0 + 1/60*m**5. Give z(w).
0
Let c(j) = -2*j + 4. Let n(r) = -r**3 - 4*r**2 - 2*r - 1. Let d be n(-4). Suppose -5*x + 13 + d = 0. What is c(x)?
-4
Let z(t) be the first derivative of -t**2 - 5. Determine z(2).
-4
Let p(q) = 2*q - q - 13*q**3 - 9*q**3 + 4*q**2 + 20*q**3. Give p(3).
-15
Suppose 3*u + 3*r - 9 = 0, -u + 33 = -5*r + 6. Suppose 2 = -x + u. Let m(h) = 2*h + 7. Give m(x).
17
Let v(r) = -2*r**2 + 3*r**3 - 2*r**3 - 2*r**3 + 3*r + 3. Let t be 7 + (3 + -3)/1. Let h = 4 - t. Calculate v(h).
3
Let k = 3 - -1. Let q = -4 - -4. Suppose 2*d + 2*n = q, -2*n - 21 = k*d - 5*n. Let b(s) = -s**3 - 4*s**2 - 3*s - 4. What is b(d)?
-4
Let l(x) = 1. Let m(v) = -4*v + 8. Let a(z) = z + 1. Let w(c) = -6*a(c) - m(c). Let n(j) = 8*l(j) + w(j). What is n(-4)?
2
Let w(u) = u**3 - 5*u**2 - 5*u - 7. Let f be (2 + -3 + 7)*1. What is w(f)?
-1
Let z(q) = q - 3. Let c = -1 - -6. Calculate z(c).
2
Suppose 0 = 2*c - 5*c + 4*c. Let n(t) = -t**3 - t**2 - t - 10. Give n(c).
-10
Let i = 0 - -4. Let a(q) = -q**3 + 3*q**2 + 6*q - 6. Let p be a(i). Let r(k) = p*k - 3 + 4*k - 4*k. Give r(4).
5
Let k(x) = 12*x**2 + 5*x + 7. Let j(m) = 3*m**2 + m + 2. Let r(g) = 9*j(g) - 2*k(g). Let l(w) be the first derivative of r(w). Determine l(1).
5
Suppose -2*k + a = -0*a + 18, -4*a - 18 = k. Let p = k + 9. Let u(r) = 0*r**3 + 0*r**3 + 7*r**3. Give u(p).
-7
Let h(w) = -w + 7. Suppose -2*f + 5*b + 40 = -6*f, 0 = 5*f - 4*b + 9. What is h(f)?
12
Let y(t) = -t**3 + 4*t**2 - t - 5 - 4 + 8. What is y(2)?
5
Suppose 8 = 2*b - 0. Let w(r) = b*r - 2*r - r. Suppose -3*y + 0 = 15. Give w(y).
-5
Let j(k) = k - 7. Suppose 0 = 3*q + 2*q + 10. Let v be (q - -5)/(-6)*0. What is j(v)?
-7
Let m = -28 + 28. Let x(d) = d**2 - 5. What is x(m)?
-5
Let z(v) = -v**2 + v + 6. Let a(u) = -u**2 + 6. Let j(c) = -5*a(c) + 6*z(c). Give j(7).
-1
Let o(g) be the third derivative of 1/40*g**6 + 0*g + 1/24*g**4 + g**2 + 0 + 0*g**5 + 1/6*g**3. Determine o(-1).
-3
Let z(o) = o**2 - 1. Suppose 10 = -3*q - 2*q, 5*q = 3*d - 16. Let w be ((-1)/d)/((-2)/12). Let u = 3 - w. Determine z(u).
-1
Let t(w) = w + 1. Let c be t(-4). Let b(j) = j**2 + 2. Calculate b(c).
11
Let b(y) = -y - 10. Let c be b(-7). Let n be (2 - 5)/c*-1. Let q be n/((-6)/(-2) - 2). Let g(t) = -7*t**2 + 1. Determine g(q).
-6
Suppose 0 = -2*m - 0 - 10. Let u(g) be the second derivative of g + 0 - 1/20*g**5 - 1/2*g**4 + 0*g**2 - g**3. Give u(m).
5
Let u(m) = 2*m**3 - 2*m**2 - 3*m + 2. Let w = 10 - 11. Let h be 1/(-1)*(-1 + w). What is u(h)?
4
Let a(c) = -c**3 + c**2 - 8*c + 1. Let q(j) = j**2 - j + 1. Let h(u) = -a(u) + 4*q(u). Determine h(-3).
-9
Let m(w) = w**2 - w + 1. Let y(t) = t**3 + 10*t**2 - 10*t + 10. Let h(l) = -5*m(l) + y(l). Determine h(-6).
-1
Let f be -8*(-3)/(-30)*5/(-6). Let o(m) be the third derivative of 1/120*m**6 + f*m**3 + 5/24*m**4 + 0*m + 0 + 2*m**2 + 1/10*m**5. Calculate o(-5).
4
Let f(k) = 4*k**2 + k. Suppose 5*o + 8*v - 5 = 3*v, 5*v = -2*o + 8. Give f(o).
3
Suppose r - 4*r = 9. Let z(k) = 26*k + 28*k - 51*k + 2. Calculate z(r).
-7
Let f = 23 + -16. Let s(k) = k**2 - 8*k - 2. Calculate s(f).
-9
Let u(f) be the first derivative of f**2/2 + f + 15. Determine u(6).
7
Let w(y) = -y**2 + 6*y - 6. Let c be ((-4)/(-5))/(4/30). Let k be w(c). Let d(t) = t**3 + 6*t**2 + 5. Determine d(k).
5
Suppose 2*i = -h + 3, 5*h - 2*i - 4 = 11. Let l(t) be the third derivative of -t**4/24 - t**3/6 + 3*t**2. What is l(h)?
-4
Let g(h) = -h**2 - 7*h - 2. Suppose -25 = -2*i - 5*j - 9, 34 = 2*i - 4*j. Suppose 0 = 3*m + 31 - i. Determine g(m).
4
Let a(i) = i**2 + 5*i. Let z be a(-5). Suppose -4*q + 4*y + 21 + 11 = z, -q - 5*y - 10 = 0. Let r(j) = -j**3 + 5*j**2 + 2*j - 4. Calculate r(q).
6
Let l(d) = -d**3 + 9*d**2 - 7*d - 11. Let k be ((-16)/6)/((-5)/15). Calculate l(k).
-3
Let m(v) = -v**2 - 3*v + 4. Let y(z) = z**2 + 4*z - 4. Let t(k) = -5*m(k) - 4*y(k). Let o(x) be the first derivative of t(x). Give o(4).
7
Let i(s) be the first derivative of s**3/3 + 3*s**2/2 - 1. Let g be i(-4). Suppose -5*m + 5 = -4*m, 0 = -g*y + 5*m - 21. Let t(r) = -6*r + 1. Give t(y).
-5
Let f(i) = -6 + 8 + 6*i - 3 - 3*i. Calculate f(3).
8
Suppose -3*s = -16 + 4. Let v be 3 - s/(-3 - -1). Let n(i) = i**2 - 5*i - 4. Determine n(v).
-4
Suppose -2*j - 7 = 1. Let t(y) = 3*y - 6. Let p(w) = -7*w + 13. Let u = -4 - -6. Let o(h) = u*p(h) + 5*t(h). Calculate o(j).
-8
Suppose -7*i - 53 = -11. Let p(c) = c + 7. What is p(i)?
1
Let d(l) = l**2 + l - 2. Let c be 4/10 - (-27)/(-5). Let j be (15/6)/(-5)*-4. Let i = c + j. Calculate d(i).
4
Let b(l) = -11 - 4*l + 19 + l**3 - 2*l**2 - 4. Give b(3).
1
Let u(q) be the first derivative of -q**2 - 2 - q - 1/12*q**4 - 2/3*q**3. Let v(y) be the first derivative of u(y). Give v(-4).
-2
Let i(n) be the first derivative of -n**6/120 + n**5/15 - n**4/6 + n**2 - 3. Let z(d) be the second derivative of i(d). What is z(3)?
-3
Suppose 0 = 2*r - 7*r. Suppose 4*q = -12, -2*k + r*q + 5*q = -19. Let y(f) = -3*f**2 + 5*f**2 - 1 - 4*f**k + f**2. What is y(2)?
-5
Suppose -2*w = 5*w - 0*w. Let m(a) = -a**3 + a**2 - a - 6. Calculate m(w).
-6
Let u(p) = 3*p**2 - 3*p + 14. Let c(j) = -2*j**2 + 2*j - 7. Let l(n) = -5*c(n) - 3*u(n). Calculate l(0).
-7
Let o(u) = u**3 + 7*u**2 + 7*u + 2. Let c be o(-6). Let q = c - -8. Let a be (-2)/((-2)/(-2 + q)). Let i(w) = -2*w + 2. Give i(a).
-2
Let r(q) = 2*q**2 + 1. Let w(m) = -m - 1. Let k be w(-2). Let x be r(k). Let p(l) = l**3 - 5*l**2 + l + 3. What is p(x)?
-12
Let t(j) = -4*j**2 - 13*j - 11. Let r(g) = 7*g**2 + 25*g + 21. Let p(c) = 3*r(c) + 5*t(c). Determine p(-8).
-8
Let b(q) = 0 + q**2 + 4*q**3 - 2 + 0*q**2 - 3*q**3. Determine b(-2).
-6
Let w(d) = 4*d**2 + d - 4. Let l(x) = x + 1. Let y(b) = 2*l(b) + w(b). Determine y(2).
20
Let z(q) = 1 - q**2 + 0 + 2*q**2. Let y = -15 - -17. Suppose 5*t - 3*w + 19 = 0, -y*t + 2 - 3 = w. Calculate z(t).
5
Let k(r) = -29*r**2 - 7*r. Let m(f) = -44*f**2 - 11*f. Let q(d) = 8*k(d) - 5*m(d). Determine q(-1).
-11
Suppose 5*q = -3*b + 3, -5*b + 4 = -q - b. Suppose -2*m = -5*h + 2, q*h = h. Let j(c) = -16*c - 1. Calculate j(m).
15
Let d(w) = -w**2 - w + 1 - 1 + 2 + 0*w**2. Let j = -12 + 4. Let s be (12/(-16))/((-2)/j). Calculate d(s).
-4
Let l(i) = -i**3 + 5*i**2 + 8*i - 8. Suppose -5*v - 38 + 148 = 0. Suppose -8 = -3*x - 2*w - 0, 0 = -2*x + 2*w + v. Give l(x).
4
Let v(h) be the second derivative of h**5/20 + h**4/12 - h**3/6 + h**2/2 + h. Suppose 6 = 5*m - 3*m. Suppose 5*u - 4*u = 5*z, -m*z = -4*u. Give v(z).
1
Suppose 5 = -2*z + 1. Let f be z*-3*1/(-6). Let k(b) = -8*b - 1. What is k(f)?
7
Let b(t) = t**2 - t + 4. Let d = 28 - 28. Determine b(d).
4
Let i(s) = 3*s**3 + 2*s**2 + 4*s + 1. Let y(t) = 16*t**3 + 10*t**2 + 21*t + 4. Let f(a) = -11*i(a) + 2*y(a). Calculate f(-2).
1
Let i(p) = 2*p + 1. Let u(t) = t. Let d(y) = -2*i(y) + 5*u(y). Let w = 3 - 5. Let s be 16/(-10) + w/5. Determine d(s).
-4
Let c be -1 - 1 - (-10 - -1). Let j(a) = -a**2 + 8*a - 7. Let s be j(c). Let o(h) = s + h**2 - 1 + 1 + 5. Give o(0).
5
Let b(v) = -v**3 + 4*v**2 + 6*v - 3. Let s be 4 + -3 - (-2 - 0). Let n(d) = d**2 - 4. Let g be n(s). Give b(g).
2
Let t(p) = 1 + 0 - 114*p - p**2 - 9*p**2 + 113*p. Suppose 4*x - 16 = 3*m + 2*m, 0 = 5*x + m - 20. Suppose -y - w = x, 5*y = -0*w - 4*w - 15. What is t(y)?
-10
Let w(k) = -k**3 - 5*k**2 - 2*k - 1. Let o be (2 - -1) + 2 + -1. Suppose -2*p + 5*g = 8, 0 = -o*g + g. What is w(p)?
-9
Suppose -16 = -2*o - 4*h, 3*h - 2 = -3*o + 10. Let j(x) = x**2 + x - 1. Determine j(o).
-1
Let d(v) = 3*v**2 + 2*v - 2. Suppose -2*k = -5*n + 24, 3*k = 2*n + 2 - 16. Determine d(k).
6
Let w(b) = -b**3 + 10*b**2 - 8*b - 13. Let r be w(9). Let d(v) be the first derivative of -v**4/4 - 5*v**3/3 - 5*v**2/2 - 3*v - 1. Give d(r).
1
Let x(o) = -o**2 + 6*o - 3. Let q(m) be the third derivative of m**5/12 - 5*m**4/4 + 8*m**3/3 - 2*m**2. Let j(c) = -2*q(c) - 11*x(c). What is j(4)?
-7
Let h(o) be the second derivative of o**3 + 9*o. What is h(1)?
6
Suppose 4*a = n + n + 12, 5*a - 4 = -3*n. Let f(j) = -2*j**2 - j. Determine f(n).
-6
Let v(g) = -8*g - 11. Let h(a) be the second derivative of a**3/2 + 2*a**2 - 8*a. Let s(n) = 11*h(n) + 4*v(n). Give s(-2).
-2
Let s(o) be the first derivative of 2*o**3/3 - 4. Let n(l) = l + 5. Let u be n(-4). Give s(u).
2